{"id":885,"date":"2020-10-22T10:58:14","date_gmt":"2020-10-22T08:58:14","guid":{"rendered":"https:\/\/www.vinocentrum.sk\/stiavnica\/?post_type=product&#038;p=885"},"modified":"2025-12-06T14:49:26","modified_gmt":"2025-12-06T13:49:26","slug":"seggs-with-my-eggs-2019-vino-natural-domin-kusicky","status":"publish","type":"product","link":"https:\/\/www.vinocentrum.sk\/stiavnica\/produkt\/seggs-with-my-eggs-2019-vino-natural-domin-kusicky\/","title":{"rendered":"sEGGS with my EGGS  2022 V\u00edno natural David Ku\u0161ick\u00fd"},"content":{"rendered":"<p>Toto v\u00edno je novinka z vin\u00e1rstva Domin &amp; Ku\u0161ick\u00fd, je s\u00fa\u010das\u0165ou projektu \u00a0\u2018Lunapark\u2019. Je to ed\u00edcia\u00a0 natur\u00e1lnych v\u00edn za ktor\u00fdmi je David\u00a0 Ku\u0161ick\u00fd.\u00a0 Je vyroben\u00e9 z odrody Viognier, ktor\u00e1 je na Slovensku raritou.\u00a0 \u00a0V tomto preveden\u00ed vyzrieval v bet\u00f3novom vaj\u00ed\u010dku bez ak\u00fdchko\u013evek z\u00e1sahov. Je to \u013eahk\u00e9 a svie\u017ee v\u00edno s rizlingov\u00fdm charakterom.<\/p>\n","protected":false},"excerpt":{"rendered":"<p>Toto v\u00edno je novinka z vin\u00e1rstva Domin &amp; Ku\u0161ick\u00fd, je s\u00fa\u010das\u0165ou projektu \u00a0\u2018Lunapark\u2019. Je to ed\u00edcia\u00a0 natur\u00e1lnych v\u00edn za ktor\u00fdmi je David\u00a0 Ku\u0161ick\u00fd.\u00a0 Je vyroben\u00e9 z odrody Viognier, ktor\u00e1 je na Slovensku raritou.\u00a0 \u00a0V tomto preveden\u00ed vyzrieval v bet\u00f3novom vaj\u00ed\u010dku bez ak\u00fdchko\u013evek z\u00e1sahov. Je to \u013eahk\u00e9 a svie\u017ee v\u00edno s rizlingov\u00fdm charakterom.<\/p>\n","protected":false},"featured_media":847,"comment_status":"open","ping_status":"closed","template":"","meta":{"_genesis_hide_title":false,"_genesis_hide_breadcrumbs":false,"_genesis_hide_singular_image":false,"_genesis_hide_footer_widgets":false,"_genesis_custom_body_class":"","_genesis_custom_post_class":"","_genesis_layout":"","jetpack_post_was_ever_published":false,"jetpack_publicize_message":"","jetpack_publicize_feature_enabled":true,"jetpack_social_post_already_shared":true,"jetpack_social_options":{"image_generator_settings":{"template":"highway","default_image_id":0,"enabled":false},"version":2}},"product_brand":[],"product_cat":[82],"product_tag":[35,39],"class_list":{"0":"post-885","1":"product","2":"type-product","3":"status-publish","4":"has-post-thumbnail","6":"product_cat-david-kusicky","7":"product_tag-biele-vina","8":"product_tag-suche","9":"entry","11":"first","12":"outofstock","13":"shipping-taxable","14":"purchasable","15":"product-type-simple"},"jetpack_publicize_connections":[],"jetpack_sharing_enabled":true,"_links":{"self":[{"href":"https:\/\/www.vinocentrum.sk\/stiavnica\/wp-json\/wp\/v2\/product\/885","targetHints":{"allow":["GET"]}}],"collection":[{"href":"https:\/\/www.vinocentrum.sk\/stiavnica\/wp-json\/wp\/v2\/product"}],"about":[{"href":"https:\/\/www.vinocentrum.sk\/stiavnica\/wp-json\/wp\/v2\/types\/product"}],"replies":[{"embeddable":true,"href":"https:\/\/www.vinocentrum.sk\/stiavnica\/wp-json\/wp\/v2\/comments?post=885"}],"wp:featuredmedia":[{"embeddable":true,"href":"https:\/\/www.vinocentrum.sk\/stiavnica\/wp-json\/wp\/v2\/media\/847"}],"wp:attachment":[{"href":"https:\/\/www.vinocentrum.sk\/stiavnica\/wp-json\/wp\/v2\/media?parent=885"}],"wp:term":[{"taxonomy":"product_brand","embeddable":true,"href":"https:\/\/www.vinocentrum.sk\/stiavnica\/wp-json\/wp\/v2\/product_brand?post=885"},{"taxonomy":"product_cat","embeddable":true,"href":"https:\/\/www.vinocentrum.sk\/stiavnica\/wp-json\/wp\/v2\/product_cat?post=885"},{"taxonomy":"product_tag","embeddable":true,"href":"https:\/\/www.vinocentrum.sk\/stiavnica\/wp-json\/wp\/v2\/product_tag?post=885"}],"curies":[{"name":"wp","href":"https:\/\/api.w.org\/{rel}","templated":true}]}}