{"id":787,"date":"2020-05-27T12:57:35","date_gmt":"2020-05-27T10:57:35","guid":{"rendered":"https:\/\/www.vinocentrum.sk\/stiavnica\/?post_type=product&#038;p=787"},"modified":"2025-12-06T14:49:44","modified_gmt":"2025-12-06T13:49:44","slug":"milenka-2024","status":"publish","type":"product","link":"https:\/\/www.vinocentrum.sk\/stiavnica\/produkt\/milenka-2024\/","title":{"rendered":"Milenka 2024 Najv\u00e4\u010d\u0161ia v\u00ednna pivinca v Pukanci"},"content":{"rendered":"<p>Sladk\u00e9 a \u013e\u00fabiv\u00e9 cuv\u00e9e z odr\u00f4d Muller Thurgau a Peseck\u00e1 leanka. Muller bol spracovan\u00fd \u0161tandardnou met\u00f3dou redukt\u00edvneho kvasenia do sucha, hrozno z le\u00e1nky bolo spracovan\u00e9 ako slamov\u00e9. Po nieko\u013eko t\u00fd\u017ed\u0148ovom vysu\u0161en\u00ed, boli hrozienka le\u00e1nky macerovan\u00e9 v hotovom v\u00edne z Muller Thurgau. Chu\u0165 je preto v\u00fdrazne hrozienkovo sladk\u00e1 a z\u00e1rove\u0148 obohaten\u00e1 svie\u017eou citrusovou kyselinkou.<\/p>\n","protected":false},"excerpt":{"rendered":"<p>Sladk\u00e9 a \u013e\u00fabiv\u00e9 cuv\u00e9e z odr\u00f4d Muller Thurgau a Peseck\u00e1 leanka. Muller bol spracovan\u00fd \u0161tandardnou met\u00f3dou redukt\u00edvneho kvasenia do sucha, hrozno z le\u00e1nky bolo spracovan\u00e9 ako slamov\u00e9. Po nieko\u013eko t\u00fd\u017ed\u0148ovom vysu\u0161en\u00ed, boli hrozienka le\u00e1nky macerovan\u00e9 v hotovom v\u00edne z Muller Thurgau. Chu\u0165 je preto v\u00fdrazne hrozienkovo sladk\u00e1 a z\u00e1rove\u0148 obohaten\u00e1 svie\u017eou citrusovou kyselinkou.<\/p>\n","protected":false},"featured_media":1345,"comment_status":"open","ping_status":"closed","template":"","meta":{"_genesis_hide_title":false,"_genesis_hide_breadcrumbs":false,"_genesis_hide_singular_image":false,"_genesis_hide_footer_widgets":false,"_genesis_custom_body_class":"","_genesis_custom_post_class":"","_genesis_layout":"","jetpack_post_was_ever_published":false,"jetpack_publicize_message":"","jetpack_publicize_feature_enabled":true,"jetpack_social_post_already_shared":true,"jetpack_social_options":{"image_generator_settings":{"template":"highway","default_image_id":0,"enabled":false},"version":2}},"product_brand":[],"product_cat":[58],"product_tag":[35,40],"class_list":{"0":"post-787","1":"product","2":"type-product","3":"status-publish","4":"has-post-thumbnail","6":"product_cat-najvacsia-vinna-pivinca-v-pukanci","7":"product_tag-biele-vina","8":"product_tag-sladke","9":"entry","11":"first","12":"instock","13":"shipping-taxable","14":"purchasable","15":"product-type-simple"},"jetpack_publicize_connections":[],"jetpack_sharing_enabled":true,"_links":{"self":[{"href":"https:\/\/www.vinocentrum.sk\/stiavnica\/wp-json\/wp\/v2\/product\/787","targetHints":{"allow":["GET"]}}],"collection":[{"href":"https:\/\/www.vinocentrum.sk\/stiavnica\/wp-json\/wp\/v2\/product"}],"about":[{"href":"https:\/\/www.vinocentrum.sk\/stiavnica\/wp-json\/wp\/v2\/types\/product"}],"replies":[{"embeddable":true,"href":"https:\/\/www.vinocentrum.sk\/stiavnica\/wp-json\/wp\/v2\/comments?post=787"}],"wp:featuredmedia":[{"embeddable":true,"href":"https:\/\/www.vinocentrum.sk\/stiavnica\/wp-json\/wp\/v2\/media\/1345"}],"wp:attachment":[{"href":"https:\/\/www.vinocentrum.sk\/stiavnica\/wp-json\/wp\/v2\/media?parent=787"}],"wp:term":[{"taxonomy":"product_brand","embeddable":true,"href":"https:\/\/www.vinocentrum.sk\/stiavnica\/wp-json\/wp\/v2\/product_brand?post=787"},{"taxonomy":"product_cat","embeddable":true,"href":"https:\/\/www.vinocentrum.sk\/stiavnica\/wp-json\/wp\/v2\/product_cat?post=787"},{"taxonomy":"product_tag","embeddable":true,"href":"https:\/\/www.vinocentrum.sk\/stiavnica\/wp-json\/wp\/v2\/product_tag?post=787"}],"curies":[{"name":"wp","href":"https:\/\/api.w.org\/{rel}","templated":true}]}}