{"id":1367,"date":"2025-01-17T15:42:52","date_gmt":"2025-01-17T14:42:52","guid":{"rendered":"https:\/\/www.vinocentrum.sk\/stiavnica\/?post_type=product&#038;p=1367"},"modified":"2025-03-28T13:06:42","modified_gmt":"2025-03-28T12:06:42","slug":"breslava-2024-murani-vino-cajkov","status":"publish","type":"product","link":"https:\/\/www.vinocentrum.sk\/stiavnica\/produkt\/breslava-2024-murani-vino-cajkov\/","title":{"rendered":"Breslava 2024 Mur\u00e1ni v\u00edno \u010cajkov"},"content":{"rendered":"<p>Slovensk\u00fd novo\u0161lachtenec s ovocn\u00fdmi t\u00f3nmi brosk\u00fd\u0148 a hruz\u0161iek, ktor\u00e9 dop\u013a\u0148a jemn\u00e1 svie\u017ea kyselinka. V\u00edno m\u00e1 vyv\u00e1\u017een\u00fa chu\u0165 s miner\u00e1lnym podt\u00f3nom a pr\u00edjemne hladk\u00fdm, jemne sladkast\u00fdm z\u00e1verom.<\/p>\n","protected":false},"excerpt":{"rendered":"<p>Slovensk\u00fd novo\u0161lachtenec s ovocn\u00fdmi t\u00f3nmi brosk\u00fd\u0148 a hruz\u0161iek, ktor\u00e9 dop\u013a\u0148a jemn\u00e1 svie\u017ea kyselinka. V\u00edno m\u00e1 vyv\u00e1\u017een\u00fa chu\u0165 s miner\u00e1lnym podt\u00f3nom a pr\u00edjemne hladk\u00fdm, jemne sladkast\u00fdm z\u00e1verom.<\/p>\n","protected":false},"featured_media":1368,"comment_status":"closed","ping_status":"closed","template":"","meta":{"_genesis_hide_title":false,"_genesis_hide_breadcrumbs":false,"_genesis_hide_singular_image":false,"_genesis_hide_footer_widgets":false,"_genesis_custom_body_class":"","_genesis_custom_post_class":"","_genesis_layout":"","jetpack_post_was_ever_published":false,"jetpack_publicize_message":"","jetpack_publicize_feature_enabled":true,"jetpack_social_post_already_shared":true,"jetpack_social_options":{"image_generator_settings":{"template":"highway","default_image_id":0,"enabled":false},"version":2}},"product_brand":[],"product_cat":[53],"product_tag":[35,41],"class_list":{"0":"post-1367","1":"product","2":"type-product","3":"status-publish","4":"has-post-thumbnail","6":"product_cat-murani-vino-cajkov","7":"product_tag-biele-vina","8":"product_tag-polosuche","9":"entry","11":"first","12":"instock","13":"shipping-taxable","14":"purchasable","15":"product-type-simple"},"jetpack_publicize_connections":[],"jetpack_sharing_enabled":true,"_links":{"self":[{"href":"https:\/\/www.vinocentrum.sk\/stiavnica\/wp-json\/wp\/v2\/product\/1367","targetHints":{"allow":["GET"]}}],"collection":[{"href":"https:\/\/www.vinocentrum.sk\/stiavnica\/wp-json\/wp\/v2\/product"}],"about":[{"href":"https:\/\/www.vinocentrum.sk\/stiavnica\/wp-json\/wp\/v2\/types\/product"}],"replies":[{"embeddable":true,"href":"https:\/\/www.vinocentrum.sk\/stiavnica\/wp-json\/wp\/v2\/comments?post=1367"}],"wp:featuredmedia":[{"embeddable":true,"href":"https:\/\/www.vinocentrum.sk\/stiavnica\/wp-json\/wp\/v2\/media\/1368"}],"wp:attachment":[{"href":"https:\/\/www.vinocentrum.sk\/stiavnica\/wp-json\/wp\/v2\/media?parent=1367"}],"wp:term":[{"taxonomy":"product_brand","embeddable":true,"href":"https:\/\/www.vinocentrum.sk\/stiavnica\/wp-json\/wp\/v2\/product_brand?post=1367"},{"taxonomy":"product_cat","embeddable":true,"href":"https:\/\/www.vinocentrum.sk\/stiavnica\/wp-json\/wp\/v2\/product_cat?post=1367"},{"taxonomy":"product_tag","embeddable":true,"href":"https:\/\/www.vinocentrum.sk\/stiavnica\/wp-json\/wp\/v2\/product_tag?post=1367"}],"curies":[{"name":"wp","href":"https:\/\/api.w.org\/{rel}","templated":true}]}}