{"id":1317,"date":"2025-01-17T12:31:35","date_gmt":"2025-01-17T11:31:35","guid":{"rendered":"https:\/\/www.vinocentrum.sk\/stiavnica\/?post_type=product&#038;p=1317"},"modified":"2025-12-06T14:42:22","modified_gmt":"2025-12-06T13:42:22","slug":"milia-2024-frtus-winery","status":"publish","type":"product","link":"https:\/\/www.vinocentrum.sk\/stiavnica\/produkt\/milia-2024-frtus-winery\/","title":{"rendered":"Milia 2024 Frtus winery"},"content":{"rendered":"<p>Zlato v kalichu. \u010cerstv\u00fd l\u00fa\u010dny med, lipa, \u010di su\u0161en\u00e9 hrozienka v aromatike, ktor\u00e9 prevl\u00e1daj\u00fa aj v chuti, kde v\u00e1s prekvap\u00ed \u0161\u0165avnat\u00fd zvy\u0161kov\u00fd cukor. Nebojte sa tej sladkosti, lebo m\u00e1 svie\u017eu kyselinku, ktor\u00e1 v\u00e1s po\u0161tekl\u00ed v z\u00e1vere na jazyku.<\/p>\n","protected":false},"excerpt":{"rendered":"<p>Zlato v kalichu. \u010cerstv\u00fd l\u00fa\u010dny med, lipa, \u010di su\u0161en\u00e9 hrozienka v aromatike, ktor\u00e9 prevl\u00e1daj\u00fa aj v chuti, kde v\u00e1s prekvap\u00ed \u0161\u0165avnat\u00fd zvy\u0161kov\u00fd cukor. Nebojte sa tej sladkosti, lebo m\u00e1 svie\u017eu kyselinku, ktor\u00e1 v\u00e1s po\u0161tekl\u00ed v z\u00e1vere na jazyku.<\/p>\n","protected":false},"featured_media":1395,"comment_status":"closed","ping_status":"closed","template":"","meta":{"_genesis_hide_title":false,"_genesis_hide_breadcrumbs":false,"_genesis_hide_singular_image":false,"_genesis_hide_footer_widgets":false,"_genesis_custom_body_class":"","_genesis_custom_post_class":"","_genesis_layout":"","jetpack_post_was_ever_published":false,"jetpack_publicize_message":"","jetpack_publicize_feature_enabled":true,"jetpack_social_post_already_shared":true,"jetpack_social_options":{"image_generator_settings":{"template":"highway","default_image_id":0,"enabled":false},"version":2}},"product_brand":[],"product_cat":[68],"product_tag":[35,57],"class_list":{"0":"post-1317","1":"product","2":"type-product","3":"status-publish","4":"has-post-thumbnail","6":"product_cat-frtus-winery","7":"product_tag-biele-vina","8":"product_tag-polosladke","9":"entry","11":"first","12":"instock","13":"shipping-taxable","14":"purchasable","15":"product-type-simple"},"jetpack_publicize_connections":[],"jetpack_sharing_enabled":true,"_links":{"self":[{"href":"https:\/\/www.vinocentrum.sk\/stiavnica\/wp-json\/wp\/v2\/product\/1317","targetHints":{"allow":["GET"]}}],"collection":[{"href":"https:\/\/www.vinocentrum.sk\/stiavnica\/wp-json\/wp\/v2\/product"}],"about":[{"href":"https:\/\/www.vinocentrum.sk\/stiavnica\/wp-json\/wp\/v2\/types\/product"}],"replies":[{"embeddable":true,"href":"https:\/\/www.vinocentrum.sk\/stiavnica\/wp-json\/wp\/v2\/comments?post=1317"}],"wp:featuredmedia":[{"embeddable":true,"href":"https:\/\/www.vinocentrum.sk\/stiavnica\/wp-json\/wp\/v2\/media\/1395"}],"wp:attachment":[{"href":"https:\/\/www.vinocentrum.sk\/stiavnica\/wp-json\/wp\/v2\/media?parent=1317"}],"wp:term":[{"taxonomy":"product_brand","embeddable":true,"href":"https:\/\/www.vinocentrum.sk\/stiavnica\/wp-json\/wp\/v2\/product_brand?post=1317"},{"taxonomy":"product_cat","embeddable":true,"href":"https:\/\/www.vinocentrum.sk\/stiavnica\/wp-json\/wp\/v2\/product_cat?post=1317"},{"taxonomy":"product_tag","embeddable":true,"href":"https:\/\/www.vinocentrum.sk\/stiavnica\/wp-json\/wp\/v2\/product_tag?post=1317"}],"curies":[{"name":"wp","href":"https:\/\/api.w.org\/{rel}","templated":true}]}}